s 271 a factor of 268290?
True
Is 3828078 a multiple of 6?
True
Is 23925 a multiple of 297?
False
Does 173 divide 19041294?
False
Does 7 divide 301561?
False
Is 660174 a multiple of 5?
False
Is 19 a factor of 315616?
False
Does 12 divide 330840?
True
Is 70 a factor of 164220?
True
Does 12 divide 6291744?
True
Does 20 divide 460861?
False
Does 100 divide 519500?
True
Is 256 a factor of 3826944?
True
Is 23 a factor of 715346?
True
Is 5814993 a multiple of 59?
False
Is 21 a factor of 3072217?
False
Is 545740 a multiple of 11?
False
Is 290 a factor of 162980?
True
Does 293 divide 494877?
True
Does 47 divide 12460664?
False
Is 275156 a multiple of 62?
True
Is 8 a factor of 173821?
False
Is 195477 a multiple of 63?
False
Is 12 a factor of 3834336?
True
Does 152 divide 47458?
False
Does 710 divide 703932?
False
Does 464 divide 2008656?
True
Is 4 a factor of 274108?
True
Is 34 a factor of 235278?
False
Is 9802 a multiple of 169?
True
Does 140 divide 2450114?
False
Is 290768 a multiple of 33?
False
Does 109 divide 18385?
False
Is 11 a factor of 104896?
True
Is 452600 a multiple of 248?
True
Does 284 divide 383584?
False
Does 584 divide 792379?
False
Is 35 a factor of 231554?
False
Is 21584120 a multiple of 1618?
True
Does 142 divide 4395610?
True
Is 1259 a factor of 1695532?
False
Does 247 divide 210691?
True
Does 30 divide 1117170?
True
Does 83 divide 137098?
False
Is 783360 a multiple of 192?
True
Is 307000 a multiple of 250?
True
Does 22 divide 1647287?
False
Does 185 divide 17205?
True
Does 154 divide 164780?
True
Is 35 a factor of 14257250?
True
Does 159 divide 1836450?
True
Is 478 a factor of 77914?
True
Is 53526 a multiple of 15?
False
Does 7 divide 8992403?
True
Is 101 a factor of 112716?
True
Is 263670 a multiple of 66?
True
Does 13 divide 2198848?
False
Is 10 a factor of 404448?
False
Is 57057 a multiple of 33?
True
Is 89 a factor of 231011?
False
Is 539 a factor of 271656?
True
Is 14 a factor of 98896?
True
Is 34 a factor of 14598580?
True
Does 304 divide 854293?
False
Is 84 a factor of 85789?
False
Is 4392069 a multiple of 755?
False
Is 858049 a multiple of 54?
False
Is 26 a factor of 639444?
True
Does 322 divide 49038?
False
Is 4 a factor of 35239?
False
Does 99 divide 3495577?
False
Is 478368 a multiple of 9?
True
Is 273 a factor of 39858?
True
Is 351912 a multiple of 12?
True
Does 109 divide 10155421?
True
Is 464 a factor of 1959008?
True
Is 37 a factor of 9493719?
True
Does 215 divide 674503?
False
Is 10 a factor of 304415?
False
Is 945 a factor of 101968?
False
Does 15 divide 48521?
False
Is 3592774 a multiple of 100?
False
Does 43 divide 68284?
True
Is 69322 a multiple of 18?
False
Is 2188522 a multiple of 446?
True
Is 663012 a multiple of 27?
True
Is 316536 a multiple of 363?
True
Does 440 divide 277739?
False
Is 16 a factor of 199168?
True
Is 21700 a multiple of 175?
True
Is 58447 a multiple of 149?
False
Is 25 a factor of 53431?
False
Is 621 a factor of 2813130?
True
Does 187 divide 7360694?
True
Does 61 divide 2082670?
False
Is 3 a factor of 26812?
False
Does 13 divide 127998?
True
Is 423574 a multiple of 382?
False
Is 1565760 a multiple of 14?
True
Is 600012 a multiple of 84?
True
Is 2657655 a multiple of 649?
True
Is 9 a factor of 200164?
False
Is 6 a factor of 61793?
False
Does 130 divide 1702740?
True
Is 535 a factor of 180462?
False
Does 1216 divide 9282944?
True
Is 480160 a multiple of 31?
False
Does 231 divide 2295681?
False
Is 12 a factor of 586296?
True
Does 13 divide 5350144?
False
Is 367 a factor of 1720296?
False
Does 7 divide 163323?
False
Is 229 a factor of 132551?
False
Does 810 divide 541080?
True
Is 283 a factor of 1539237?
True
Is 89 a factor of 305715?
True
Does 3 divide 6688?
False
Does 10 divide 408286?
False
Does 315 divide 216933?
False
Is 519336 a multiple of 24?
True
Does 99 divide 1529847?
True
Is 25 a factor of 2770404?
False
Does 3 divide 9155?
False
Is 147686 a multiple of 41?
False
Is 165 a factor of 2222220?
True
Is 31 a factor of 364365?
False
Is 447579 a multiple of 236?
False
Is 2782138 a multiple of 401?
True
Is 5868295 a multiple of 29?
True
Is 108080 a multiple of 8?
True
Is 212 a factor of 6346120?
False
Is 155 a factor of 783153?
False
Is 48 a factor of 14736?
True
Is 175 a factor of 90802?
False
Does 61 divide 732?
True
Is 242746 a multiple of 35?
False
Is 967499 a multiple of 247?
True
Does 33 divide 716611?
False
Is 596 a factor of 188932?
True
Is 5 a factor of 472210?
True
Is 565504 a multiple of 64?
True
Is 14338 even?
True
Is 184 a factor of 110191?
False
Does 20 divide 59027?
False
Does 276 divide 316630?
False
Does 650 divide 337350?
True
Does 15 divide 1868957?
False
Is 307448 a multiple of 191?
False
Is 373 a factor of 393142?
True
Does 50 divide 4496915?
False
Does 32 divide 3575680?
True
Is 15493023 a multiple of 13?
True
Is 30 a factor of 122552?
False
Is 40 a factor of 20382?
False
Is 2 a factor of 150762?
True
Does 267 divide 101727?
True
Is 90984 a multiple of 12?
True
Is 73743 a multiple of 141?
True
Does 13 divide 5982491?
False
Is 108 a factor of 21924?
True
Does 65 divide 4203745?
True
Is 19 a factor of 94240?
True
Does 95 divide 3763529?
False
Does 13 divide 2995129?
False
Is 70 a factor of 386838?
False
Is 27346 a multiple of 22?
True
Does 153 divide 2190348?
True
Is 309 a factor of 133179?
True
Is 4456008 a multiple of 997?
False
Is 176960 a multiple of 553?
True
Does 766 divide 274994?
True
Is 229 a factor of 6202715?
False
Is 706 a factor of 1918908?
True
Is 114 a factor of 353356?
False
Is 349968 a multiple of 951?
True
Does 839 divide 2262936?
False
Is 128240 a multiple of 744?
False
Does 43 divide 14510?
False
Is 44 a factor of 134558?
False
Is 552410 a multiple of 185?
True
Is 4563965 a multiple of 8?
False
Does 109 divide 3117192?
False
Is 5173 a multiple of 76?
False
Is 344357 a multiple of 13?
True
Does 59 divide 449403?
True
Does 55 divide 5217080?
True
Is 1161735 a multiple of 168?
False
Is 277649 a multiple of 58?
False
Is 19 a factor of 1097155?
True
Does 44 divide 384384?
True
Is 758 a factor of 2042810?
True
Is 18110034 a multiple of 16?
False
Is 6861948 a multiple of 48?
False
Is 928 a factor of 1576672?
True
Is 90608 a multiple of 28?
True
Is 7 a factor of 631137?
False
Is 20 a factor of 177700?
True
Is 20 a factor of 96370?
False
Does 53 divide 212945?
False
Is 87 a factor of 598078?
False
Is 5949636 a multiple of 94?
True
Is 501 a factor of 5299821?
False
Is 2140356 a multiple of 89?
False
Is 3 a factor of 526425?
True
Is 1612083 a multiple of 37?
False
Does 114 divide 206457?
False
Does 22 divide 10896358?
True
Is 3 a factor of 578557?
False
Is 4075214 a multiple of 26?
True
Is 7834125 a multiple of 975?
True
Is 16095 even?
False
Is 1762 a factor of 17886568?
False
Is 18007 even?
False
Is 362080 a multiple of 620?
True
Is 16 a factor of 4839100?
False
Does 429 divide 14927657?
False
Is 299 a factor of 3701620?
True
Is 5 a factor of 14564?
False
Is 176 a factor of 3865916?
False
Is 24 a factor of 26280?
True
Is 6055232 a multiple of 32?
True
Is 9 a factor of 2211519?
False
Is 27 a factor of 22000036?
False
Is 32 a factor of 52743?
False
Is 151 a factor of 850807?
False
Is 29 a factor of 679354?
True
Is 5577862 a multiple of 733?
False
Is 138 a factor of 101177?
False
Is 65688 a multiple of 161?
True
Is 2833790 a multiple of 9?
False
Does 91 divide 312403?
True
Is 404 a factor of 2494296?
True
Is 6757 a multiple of 629?
False
Is 958 a factor of 2183828?
False
Is 306 a factor of 26316?
True
Does 27 divide 148176?
True
Is 98 a factor of 1763189?
False
Does 53 divide 1100492?
True
Does 60 divide 1296748?
False
Does 4 divide 56929?
False
Is 192444 a multiple of 29?
True
Is 21 a factor of 2306929?
False
Is 66 a factor of 363813?
False
Is 6336 a multiple of 64?
True
Is 318 a factor of 3292254?
True
Is 111755 a multiple of 103?
True
Is 145610 a multiple of 10?
True
Does 11 divide 1413121?
False
Is 601 a factor of 313722?
True
Is 70 a factor of 3558822?
False
Is 448476 a multiple of 19?
True
Does 81 divide 89592?
False
Is 427034 even?
True
Is 42 a factor of 19572?
True
Does 316 divide 2442048?
True
Is 361 a factor of 1735327?
True
Does 4 divide 51434?
False
Is 11 a factor of 209044?
True
Does 40 divide 334560?
True
Does 141 divide 622797?
True
Is 1116 a m